 tens digit of w(0)?
1
Suppose g + 208 = -3*g. Let c = 5 - g. What is the tens digit of c?
5
Let y be (-1 + -15 - 4)/(-2). Suppose -6*o + y*o = 344. What is the tens digit of o?
8
What is the hundreds digit of (-190)/4*16692/(-195)?
0
Suppose 0 = 5*f - 388 - 52. Suppose 0 = -2*s + 5*b + f, -220 = -s - 4*s - 4*b. Let x = 73 - s. What is the units digit of x?
9
Let n = -19 + 21. Let g be 3*n/(-6)*-3. Suppose -5*f - 2*s + 25 = -28, -s - 23 = -g*f. What is the units digit of f?
9
Suppose -3*n = -126 - 21. What is the tens digit of 2919/n + 6/14?
6
Suppose 0 = 3*l - 11 - 7. Suppose -l*p + 57 = -33. What is the tens digit of p?
1
Let f(a) = a**3 - 7*a**2 + 6*a - 5. Let n be f(4). Let p = 56 + n. What is the units digit of p?
7
Let r(u) = -u**2 + 3*u + 6. Let b be r(4). Suppose -2*l + b*c = -0*l - 22, 3*c = 5*l - 61. What is the units digit of l?
4
Suppose 0 = 115*n - 123*n + 2992. What is the units digit of n?
4
Suppose 135 = u - p, 2*p - 4 = -2. Suppose 2*k = 4*k - u. What is the tens digit of k?
6
Suppose -16*i + 1393 = -1999. What is the tens digit of i?
1
Let v = 33458 - 12018. Let x be 2/3 + v/15. What is the units digit of 6/(-8) + x/40?
5
Suppose -12*h + 3 = -15*h. Let o(c) = 1. Let s(a) = -4*a**2 + a + 12. Let r(x) = h*s(x) + 3*o(x). What is the tens digit of r(4)?
5
Suppose -367*h + 385*h = 8064. What is the units digit of h?
8
Let n(q) = q**2 + 2*q - 5. Let y be n(-10). Let a = -43 + y. Let m = a - 21. What is the tens digit of m?
1
Let f(g) = 43*g**3 - 42*g**3 + 3*g + 2 - 1 + 6*g**2. Let o(c) = c. Let d be o(-4). What is the units digit of f(d)?
1
Suppose -3*c - 18 + 58 = -5*f, -24 = -3*c - 3*f. Suppose 7*w = c + 109. What is the units digit of w?
7
Let h(z) = 8*z**2 - 5*z + 2. Let q(k) = 3*k**2 + 11*k + 3. Let b be q(-3). What is the tens digit of h(b)?
8
Let l be 2/(-7) + (-128)/(-56). Suppose -3*j - 95 + 480 = 5*w, 250 = 3*w - l*j. Let f = -41 + w. What is the tens digit of f?
3
Let x be 25/(-15)*1*-3. Suppose 1 = x*d - 19. Let s(g) = g**3 - 4*g**2 + 5*g + 2. What is the units digit of s(d)?
2
Let q(x) = x**3 - 13*x**2 + 13*x - 8. Let n(v) = -v + 8. Let o be n(-4). What is the units digit of q(o)?
4
Suppose -k = -2*k + 8. Suppose 2*z - 2*q - 2*q = k, -3*z = 4*q + 38. What is the tens digit of 36/(-8)*z + 1?
2
Let i = 294 - -40. What is the units digit of i?
4
Let p(h) = 4*h**3 - 3*h + 15. What is the units digit of p(4)?
9
Let l(p) = 77*p - 13. What is the units digit of l(25)?
2
Suppose -39 = -4*u - i, -5*u = -u - 2*i - 30. Suppose 0 = -8*q - u*q + 136. What is the units digit of q?
8
Let h(a) = a - 22. Let v(q) be the second derivative of -q**3/2 + 45*q**2/2 + 6*q. Let o(z) = 9*h(z) + 4*v(z). What is the units digit of o(-17)?
3
Suppose 5*k - 15630 = 3*a, 15*k - 18*k - a = -9392. What is the units digit of k?
9
Let g = 1985 + 1256. What is the units digit of g?
1
What is the hundreds digit of (-1 + -20)/(1388/116 + -12)?
6
Let s be ((-48)/18 - -3)/(2/6). What is the tens digit of ((-16)/32)/(s/(-36))?
1
Suppose 17356 = 5*d - 3*c + 4970, 4*c + 4960 = 2*d. What is the units digit of d?
6
Suppose -4844 = 30*x - 37*x. What is the tens digit of x?
9
Let d(a) = 2*a**2 - 7*a + 7. Let t be d(9). Suppose 0*l + 4*l + t = -2*n, 93 = -3*l + 3*n. Let o = -10 - l. What is the units digit of o?
8
Let m(q) = 6*q**2 - 2*q + 13. Let x be m(-4). Suppose -x - 33 = -5*k. What is the tens digit of k?
3
Suppose -3*v + 237 = -5*i - 40, -111 = -v - 3*i. Suppose -4*j + j + v = 0. Let m = j + -19. What is the units digit of m?
4
Suppose 3*r = 53 + 31. Suppose 0 = 3*d - d + r. Let k = -9 - d. What is the units digit of k?
5
Suppose -2*h = -2*g - 2*g - 2, -5*h = -5*g + 10. Let t(n) = 2*n**2 - 2*n - 7. What is the tens digit of t(h)?
5
Suppose 3 = 5*m - 2. Let t(q) = 2 - 4*q - 3*q + m. What is the tens digit of t(-2)?
1
Let c = 89 - 146. Let t = c - -225. What is the hundreds digit of t?
1
Let l be 14*(-4)/(-24)*15. Let k = l + -56. Let z = 33 + k. What is the units digit of z?
2
Let r(y) = y**2 + y + 2. Let p be r(-2). Suppose -t = p*v + 40, v + 65 = t - 4*t. What is the tens digit of 3 + t/4 - -15?
1
Let n(q) = q**2 + 9*q + 10. Let k be n(-8). Suppose -35 + 125 = k*d. What is the units digit of d?
5
Let d = -66 - -71. What is the units digit of d?
5
Let c(u) be the first derivative of 6 + 13/2*u**2 + 0*u - 7/3*u**3 - 1/4*u**4. What is the units digit of c(-9)?
5
Suppose 5*t + 3*g = 1705, -5*t - g + 341 = -4*t. What is the tens digit of t?
4
Suppose -2*y + 2 = 3*b, 3*b = -5*y - 6 + 2. Suppose -b*x = 3*x - 110. What is the units digit of x?
2
Let h = -3 - -161. What is the units digit of h?
8
Let w(f) be the second derivative of f**3 - f**2 - 11*f. Let d be w(2). Let i = d + 0. What is the tens digit of i?
1
Let c(u) = u**3 - 9*u**2 - 10*u + 2. Let q = -9 + 19. Let t be c(q). Suppose -5*d + 19 = 5*f - 2*d, 8 = f + t*d. What is the units digit of f?
2
Let r(o) = o**3 - 8*o**2. Let d be r(8). What is the units digit of (d - -1)/(5/110)?
2
Let u = -472 + 914. What is the hundreds digit of u?
4
Let u(t) = t + 1. Let l be u(3). Suppose -5*i - 193 = -l*c, 0*c + c - 67 = -5*i. Suppose 2*a = -2*p + c, 0*a - 5*a = -p - 148. What is the tens digit of a?
2
Let f(o) = -o**3 + 4*o**2 + 5*o + 7. Let c(p) = p**2 - 2*p + 1. Let u be c(3). Suppose 17 + 3 = u*x. What is the units digit of f(x)?
7
Let g be (-36)/(-45) - (-4)/(-5). Suppose -2*q + 3*q - 161 = g. What is the hundreds digit of q?
1
Let n be 10 - (-5)/((-5)/4). Let w(p) = 0 - 2*p + p**3 - 6*p**2 - 7 + 4*p. What is the units digit of w(n)?
5
Suppose -d = -5*p + 20, 2*p + 11 = 4*d + 1. Suppose 8*u - 9*u = 0. Suppose 5*i = -2*g - 19 + 82, u = p*i + g - 59. What is the tens digit of i?
1
Let g be 4/2 - 8/4. Suppose 3*r = 2*i - 72, i + 0 + 3 = g. Let t = r - -38. What is the units digit of t?
2
Suppose -3*q + 1632 = -m + 2*m, 4*q = -5*m + 2176. Suppose -5*c - 89 = -q. What is the units digit of c?
1
Suppose -92*s + 104*s = 2064. What is the hundreds digit of s?
1
Suppose -74*k + 10053 = -65*k. What is the tens digit of k?
1
Let i = -53 + 207. What is the units digit of i?
4
What is the tens digit of 10/1 - (-101992)/44?
2
Let x(z) = -z**2 + z + 6. Let y be x(3). What is the tens digit of 257 + -2 + 2 + y?
5
Let i(o) = 16*o**2 - 7*o + 24. What is the hundreds digit of i(3)?
1
Let n(p) = p**2 + 10*p + 6. Suppose 2*l - 3*l - 10 = 0. Let s be n(l). Suppose -65 = -s*t + t. What is the units digit of t?
3
Let z = 421 + -166. What is the tens digit of z?
5
Let c be -4 + (3 - 4)*29. Let u = -30 - c. What is the units digit of 15/6 + u/2?
4
Let c be 24/(-3)*135/20. What is the tens digit of (21/(-9))/(6/c)?
2
Suppose -4*f = -q - 1594, -f - 22*q + 24*q + 402 = 0. What is the tens digit of f?
9
Let g be (6 + -3)/((-3)/(-2)). Suppose -g*h = 5*l - 10, -5*h = -5*l - 0*h + 10. Suppose 0 = l*p - 20. What is the units digit of p?
0
Let d(w) = w**3 - 12*w**2 + 14*w - 27. Let b be d(11). What is the tens digit of (-5 + b)/((-1)/(-47))?
4
Suppose 153 = 5*y - 6*y. Let l = -86 - y. What is the units digit of l?
7
Suppose 21*s = 15*s + 2820. What is the hundreds digit of s?
4
Let n(l) = l**3 - 1. Let d(x) = 58*x**2 + 7*x + 11. Let q(o) = d(o) - 2*n(o). What is the hundreds digit of q(29)?
2
Suppose 4*a + 1766 = 5*b - 1284, 0 = -3*a. What is the hundreds digit of b?
6
Suppose -s - 4*y = 0, -2*s = 2*y + 3 - 9. Let w(q) = q**2 - q - 1. Let t(z) = 4*z**2 - 5*z - 5. Let u(v) = t(v) - 3*w(v). What is the units digit of u(s)?
6
Let s(i) = -i**3 - 11*i**2 + 10*i - 12. Let o be s(-12). Suppose 0 = -t - o - 16. Let f = 1 - t. What is the units digit of f?
9
Let r = 115 - 48. Let h = 96 - r. What is the units digit of h?
9
Let r be 126*(-1 + 2) + 0. Suppose r = 11*w - 8*w. Suppose -42 = -2*v + w. What is the tens digit of v?
4
Suppose 3*l - q + 1 = 0, 3*l + q + 11 = -0. Let s(o) be the third derivative of -o**6/40 - o**5/20 - o**4/6 - o**3/2 + 14*o**2. What is the tens digit of s(l)?
1
Let i(x) = -x**3 + 9*x**2 + 5. Let l be i(9). Suppose 0 = -l*k + 445 - 5. What is the tens digit of k?
8
Let g(u) = 7*u + 0 + 7 + 5 - 2*u. Let b be (-20)/25*15/(-3). What is the tens digit of g(b)?
3
Let h(w) = -w - 9. Let u be h(-10). Let t = -3 + u. What is the tens digit of ((-1)/t)/(16/640)?
2
Let k = 1715 + -879. What is the hundreds digit of k?
8
Let r(l) = -l**3 - 